is divided by 13?
11
What is the remainder when 35555 is divided by 11844?
23
Calculate the remainder when 2442 is divided by 1979.
463
What is the remainder when 47356 is divided by 1893?
31
Calculate the remainder when 150222 is divided by 185.
2
What is the remainder when 17105 is divided by 320?
145
What is the remainder when 5666 is divided by 42?
38
What is the remainder when 147617 is divided by 121?
118
What is the remainder when 7863 is divided by 171?
168
What is the remainder when 60623 is divided by 120?
23
What is the remainder when 355 is divided by 77?
47
What is the remainder when 1323 is divided by 149?
131
What is the remainder when 94575 is divided by 368?
367
What is the remainder when 4172 is divided by 613?
494
Calculate the remainder when 778 is divided by 30.
28
What is the remainder when 2873 is divided by 323?
289
Calculate the remainder when 2952 is divided by 89.
15
What is the remainder when 34127 is divided by 5?
2
Calculate the remainder when 7225 is divided by 7186.
39
What is the remainder when 23394239 is divided by 20?
19
What is the remainder when 36058 is divided by 107?
106
Calculate the remainder when 287889 is divided by 287872.
17
Calculate the remainder when 4978 is divided by 161.
148
What is the remainder when 9896 is divided by 88?
40
What is the remainder when 17480 is divided by 142?
14
Calculate the remainder when 12450 is divided by 885.
60
What is the remainder when 4925 is divided by 36?
29
Calculate the remainder when 6544 is divided by 651.
34
Calculate the remainder when 3238 is divided by 30.
28
What is the remainder when 39500 is divided by 680?
60
What is the remainder when 67707 is divided by 324?
315
What is the remainder when 3949899 is divided by 20?
19
Calculate the remainder when 6086 is divided by 357.
17
Calculate the remainder when 159513 is divided by 378.
375
What is the remainder when 4164 is divided by 683?
66
What is the remainder when 2270 is divided by 151?
5
What is the remainder when 4500 is divided by 206?
174
Calculate the remainder when 8778 is divided by 24.
18
Calculate the remainder when 9279 is divided by 2932.
483
Calculate the remainder when 3161078 is divided by 260.
258
What is the remainder when 11361 is divided by 105?
21
What is the remainder when 44277 is divided by 20?
17
Calculate the remainder when 90140 is divided by 72.
68
Calculate the remainder when 16875 is divided by 676.
651
Calculate the remainder when 341380 is divided by 556.
552
What is the remainder when 1396436 is divided by 1080?
1076
What is the remainder when 595715 is divided by 5898?
17
What is the remainder when 14989 is divided by 29?
25
What is the remainder when 416333 is divided by 108?
101
Calculate the remainder when 32229 is divided by 33.
21
What is the remainder when 35873 is divided by 1433?
48
Calculate the remainder when 10467 is divided by 3287.
606
Calculate the remainder when 2184 is divided by 2099.
85
What is the remainder when 65665 is divided by 93?
7
Calculate the remainder when 8395 is divided by 205.
195
What is the remainder when 187339 is divided by 62444?
7
Calculate the remainder when 13274 is divided by 632.
2
Calculate the remainder when 11907 is divided by 146.
81
What is the remainder when 906 is divided by 704?
202
Calculate the remainder when 544 is divided by 530.
14
What is the remainder when 178 is divided by 24?
10
Calculate the remainder when 280878 is divided by 267.
261
What is the remainder when 98660 is divided by 344?
276
Calculate the remainder when 903230 is divided by 32.
30
What is the remainder when 29464 is divided by 53?
49
Calculate the remainder when 4666 is divided by 54.
22
Calculate the remainder when 11937 is divided by 15.
12
What is the remainder when 131624 is divided by 20?
4
What is the remainder when 72263 is divided by 336?
23
What is the remainder when 32850 is divided by 141?
138
Calculate the remainder when 230884 is divided by 196.
192
Calculate the remainder when 125426 is divided by 208.
2
What is the remainder when 19274 is divided by 158?
156
What is the remainder when 11313 is divided by 25?
13
Calculate the remainder when 49641 is divided by 21.
18
What is the remainder when 14309 is divided by 261?
215
Calculate the remainder when 5557 is divided by 990.
607
Calculate the remainder when 419430 is divided by 872.
870
What is the remainder when 8828 is divided by 2688?
764
Calculate the remainder when 5841 is divided by 532.
521
Calculate the remainder when 13582 is divided by 138.
58
What is the remainder when 44234 is divided by 45?
44
What is the remainder when 355806 is divided by 14?
10
What is the remainder when 100910 is divided by 212?
210
Calculate the remainder when 9505 is divided by 58.
51
Calculate the remainder when 3837 is divided by 946.
53
What is the remainder when 33504 is divided by 37?
19
Calculate the remainder when 2686 is divided by 28.
26
What is the remainder when 11968 is divided by 139?
14
Calculate the remainder when 30758 is divided by 145.
18
What is the remainder when 8697 is divided by 2844?
165
What is the remainder when 18596 is divided by 6031?
503
What is the remainder when 1182594 is divided by 300?
294
Calculate the remainder when 12234 is divided by 211.
207
Calculate the remainder when 3147 is divided by 63.
60
What is the remainder when 85139 is divided by 367?
362
Calculate the remainder when 3875421 is divided by 224.
221
What is the remainder when 935360 is divided by 707?
706
What is the remainder when 5116 is divided by 198?
166
What is the remainder when 2447 is divided by 1174?
99
Calculate the remainder when 6714 is divided by 878.
568
Calculate the remainder when 60910 is divided by 1218.
10
What is the remainder when 46845 is divided by 11?
7
What is the remainder when 4197 is divided by 1390?
27
Calculate the remainder when 1547863 is divided by 265.
263
What is the remainder when 34692 is divided by 2165?
52
Calculate the remainder when 143092 is divided by 124.
120
What is the remainder when 51561 is divided by 100?
61
Calculate the remainder when 32961 is divided by 34.
15
Calculate the remainder when 100810 is divided by 758.
754
Calculate the remainder when 50380 is divided by 34.
26
Calculate the remainder when 354170 is divided by 32.
26
Calculate the remainder when 80972 is divided by 40484.
4
Calculate the remainder when 10789 is divided by 2697.
1
Calculate the remainder when 77232 is divided by 28.
8
What is the remainder when 14668 is divided by 30?
28
What is the remainder when 7446 is divided by 2477?
15
Calculate the remainder when 9681 is divided by 131.
118
What is the remainder when 11977 is divided by 132?
97
Calculate the remainder when 8790 is divided by 45.
15
What is the remainder when 6107 is divided by 1386?
563
Calculate the remainder when 12170 is divided by 8.
2
Calculate the remainder when 21620 is divided by 12.
8
Calculate the remainder when 324408 is divided by 11.
7
Calculate the remainder when 61718 is divided by 339.
20
Calculate the remainder when 886 is divided by 32.
22
Calculate the remainder when 169672 is divided by 5.
2
What is the remainder when 9357 is divided by 65?
62
What is the remainder when 2873804 is divided by 15?
14
What is the remainder when 2496873 is divided by 693?
687
Calculate the remainder when 12227 is divided by 270.
77
What is the remainder when 4241 is divided by 475?
441
What is the remainder when 6262 is divided by 2872?
518
Calculate the remainder when 7300 is divided by 44.
40
What is the remainder when 4309 is divided by 1169?
802
What is the remainder when 2578799 is divided by 15?
14
Calculate the remainder when 9847 is divided by 4918.
11
Calculate the remainder when 59497 is divided by 48.
25
What is the remainder when 2146 is divided by 121?
89
Calculate the remainder when 54410 is divided by 223.
221
What is the remainder when 4274 is divided by 1366?
176
Calculate the remainder when 17397 is divided by 791.
786
Calculate the remainder when 3246 is divided by 39.
9
What is the remainder when 61108 is divided by 391?
112
What is the remainder when 12353 is divided by 13?
3
What is the remainder when 9709 is divided by 119?
70
Calculate the remainder when 10386 is divided by 17.
16
Cal